late the remainder when c(76) is divided by m.
11
Let k = 33 + -31. What is the remainder when 46 is divided by (-7 + -1)/(1/k + -1)?
14
Let q(b) be the second derivative of b**3/6 - 3*b**2 - 2*b. Let n be q(7). Calculate the remainder when 23 is divided by 11 - (2 + -4 + n).
11
Calculate the remainder when (3/(-1))/((-6)/244) is divided by 31 + -3 - (-2 + 7 + -2).
22
Let c = 512 + -414. Calculate the remainder when c is divided by 51.
47
Let j = 1424 + -1398. Calculate the remainder when 114 is divided by j.
10
Let j(q) = -q**2 + 4*q - 1. Let v = -11 - -9. Calculate the remainder when 4 - (v - (0 + -3)) is divided by j(3).
1
Suppose -3*a + 24 = -2*z, 2*a + 5*z = 4*z + 16. Suppose 0 = -2*f + 438 - 316. Calculate the remainder when f is divided by a.
5
Let r be (-4)/14 + 220/(-14). Let h = 3945 + -3926. Calculate the remainder when h is divided by (3/2)/((-6)/r).
3
Let p(y) = -y**3 - 3*y**2 - 4*y - 10. Let w be p(-4). Let s = w - 10. What is the remainder when 70 is divided by s?
10
Let i be 4 + (3 - 4) + 9. Suppose -4*a - 4 = i. What is the remainder when 6 is divided by (-1)/4 - 17/a?
2
Let y = -15 + 34. Let b = -5 + y. Let c(o) = 2*o**2 + 3*o - 14. Calculate the remainder when c(-6) is divided by b.
12
Suppose 2*j + 58 = 2*u - 0*u, -j = 2*u - 52. Calculate the remainder when (52/(-5))/((-6)/30) is divided by u.
25
Let f = -95 + 99. Suppose 3*a - 3*m = 2*a + 7, m - 28 = -f*a. Calculate the remainder when 60 is divided by a.
4
Let o(d) = 53*d - 468. What is the remainder when 803 is divided by o(11)?
113
Suppose 7*x - 4*n = 2*x + 345, -5*x + 345 = 5*n. Calculate the remainder when 198 is divided by x.
60
Let y = 5 + -3. What is the remainder when (1 + (-3)/(-6))*30 is divided by (y + (1 - -9))*1?
9
Suppose 2*o = -o + 21. Let v(x) = 2*x + 29. Let c be v(-13). Suppose 2*u - 7 = -c. Calculate the remainder when o is divided by u.
1
Suppose 0 = -3*a - 2*o + 348, -2*o + 55 = 2*a - 177. Calculate the remainder when a is divided by 22.
6
Let o(d) = 3*d - 9. Let k be o(4). Let j = 6 - 5. Suppose 41 = k*r - j. Calculate the remainder when r is divided by 5.
4
What is the remainder when (18/5)/((-5)/8500*-8) is divided by 12?
9
Let h be (-4)/(-14) + (-99)/(-21). Suppose 0*u + u + 154 = h*l, 3 = 3*u. What is the remainder when 115 is divided by l?
22
Let b(v) = v + 13. Suppose 2*y + 567 = 569. Calculate the remainder when b(-6) is divided by y.
0
Calculate the remainder when 84 is divided by (-31070)/(-1105) + (-4)/34.
0
Let z(s) = -s**2 - 5*s + 53. Calculate the remainder when 90 is divided by z(-6).
43
Let r(m) = 15*m**2 - 8*m - 5. What is the remainder when r(-2) is divided by 62?
9
Let i be -1 + -7 + 7 + -4. Let j = i - -12. Calculate the remainder when 17 is divided by j.
3
Let l(j) = 19*j**3 + j**2 + j - 1. Let k = -1722 - -1733. Calculate the remainder when l(1) is divided by k.
9
Suppose 15*l + 2*l - 255 = 0. What is the remainder when 95 is divided by l?
5
Let b(m) = -3*m**2 - 28*m. Let v(d) = -2*d**2 - 14*d. Let n(j) = -3*b(j) + 5*v(j). Calculate the remainder when 43 is divided by n(12).
19
What is the remainder when (-11)/(77/(-63))*23 is divided by 26?
25
Let b(v) be the first derivative of v**2/2 + 24*v + 14. Calculate the remainder when b(0) is divided by 0 + (-1 + 8 - -2).
6
Let r = 201 - 151. Let q = 9 - -4. Calculate the remainder when r is divided by q.
11
Calculate the remainder when (2 - 4)/1 + 266/2 is divided by 30.
11
Suppose 109*z = 119*z - 750. What is the remainder when z is divided by 18?
3
Let r(n) = 9*n**2 + 6*n - 52. Calculate the remainder when r(10) is divided by 13.
11
Suppose 0 = 4*a + 4 - 68. Let i(f) be the first derivative of f**3/3 - 15*f**2/2 - 13*f + 25. Calculate the remainder when 5 is divided by i(a).
2
Suppose -3*t = 3*h - 15, -4*t - 6*h + 19 = -h. Suppose t*n - 216 = 534. Calculate the remainder when n is divided by 32.
29
Suppose -3*f + 2 = 5. Let u(d) = 49*d**2 - 2*d - 1. Let y be u(f). Suppose -y = 2*g - 7*g. What is the remainder when 48 is divided by g?
8
Let v be (2 - (5 + -2)) + 57. Let r = v - 14. Let z = 10 - -5. Calculate the remainder when r is divided by z.
12
Let p be 156/(-16) - ((-15)/12)/(-5). Calculate the remainder when 56/(-70)*(0 + p - 0) is divided by 6.
2
Suppose 0 = -3*m + 4381 - 1504. What is the remainder when m is divided by 40?
39
Suppose 0 = 5*d - 4*j - 437, -13 = -3*d - j + 239. Suppose p - 135 - d = 0. Suppose -4*b + 0*b = -p. Calculate the remainder when b is divided by 14.
13
Calculate the remainder when 54 is divided by -5 + (-21)/(-1)*25/15.
24
Let f(p) = p**3 + 3*p**2 - 4*p + 3. Let q be (-7 - -4)*8/6. Let n be f(q). What is the remainder when 4/n*(-42)/(-7) is divided by 3?
2
Suppose 10*t = 1104 - 424. What is the remainder when t is divided by 23?
22
Suppose 52*q - 1165 - 343 = 0. What is the remainder when 66 is divided by q?
8
Let q = -614 + 682. Calculate the remainder when 543 is divided by q.
67
Let s be ((-2)/(-3))/((-2)/(-60)). What is the remainder when 29 is divided by (-5)/s + 138/8?
12
Let i = -307 + 436. Suppose 5*a - 159 = 6. What is the remainder when i is divided by a?
30
Let a(s) = -59*s**3 + s**2. Let x be 1*2*(-8)/(-16). Let b be a(x). Let g = b - -86. Calculate the remainder when g is divided by 10.
8
Let y be 411/15 - (-20)/(-50). Let s = 29 - y. Calculate the remainder when 9/2 - 1/(-2) is divided by s.
1
Suppose -6*f + 8*f + 8 = 0, 0 = 2*b - 3*f - 76. Calculate the remainder when 733 is divided by b.
29
Suppose 0 = 21*w - 249 - 213. Calculate the remainder when 261 is divided by w.
19
Suppose 4*s = -2*s + 12. Let r be s/(-5) + 1056/15. Suppose -2*k + 4*k = r. What is the remainder when k is divided by 9?
8
Let b be 4 - 12/(-9)*(-6)/(-4). Suppose 5*u + 111 = o, -b*u + u + 192 = 2*o. Calculate the remainder when o is divided by 26.
23
Suppose -2*f = -d + 3*f + 10, -5*d - 4*f = -21. Let z = d + -2. Suppose 0 = 4*a - 1 - 7. What is the remainder when z is divided by a?
1
Suppose -14*h = -8 - 6. What is the remainder when 7 is divided by h?
0
Calculate the remainder when -99*(3 - 5) - (-14)/(-7) is divided by 18.
16
Let b(y) = -y**3 - 10*y**2 - 12*y - 6. Let r be b(-7). Let p = r + 85. Calculate the remainder when 61 is divided by p.
13
Let m = 8 + -3. Suppose 24 = 17*p - 13*p. What is the remainder when -1 + (p + -2 - -6) is divided by m?
4
Let s(o) = o**3 + 8*o**2 - 19*o + 11. Let p(r) = -17*r. What is the remainder when s(-9) is divided by p(-3)?
50
Let o(d) = 2*d**2 - d - 5. Let q = 760 + -640. What is the remainder when q is divided by o(-4)?
27
Let h be 2/(-6) - (-165)/9. Let l be -1*h*(-4)/6. Let b = l - 6. What is the remainder when b is divided by 4?
2
Suppose -r = r + 5*c - 42, 2*c = 5*r - 76. Let j = 102 + -65. Let s = j - r. What is the remainder when s is divided by 6?
3
Suppose 7*z = 16*z - 126. What is the remainder when z is divided by 4?
2
Let c(i) = 5*i**2 + 36*i - 110. What is the remainder when 1502 is divided by c(3)?
40
Let d = -14 - -10. Calculate the remainder when (-76)/d - (-10)/(-5) is divided by (-78)/(-8) + (-1)/(-4).
7
Let v(f) = f**3 + 7*f**2 + 2*f + 4. Let q be v(-6). Let m = -13 + q. What is the remainder when 57 is divided by m?
12
Let o = 581 + -571. What is the remainder when 97 is divided by o?
7
Suppose -4*l + 329 = 41. Let d = 19 - -6. Let p = 62 - d. Calculate the remainder when l is divided by p.
35
Let p = -210 + 240. Calculate the remainder when 87 is divided by p.
27
Let o be 0 - -114 - (-5)/((-25)/15). Suppose 85 + o = 4*c. Calculate the remainder when c is divided by 17.
15
Let c be (-1 + 1)/(12/3). Suppose -4*s + 92 = -c*s. What is the remainder when s is divided by 13?
10
Let j(d) = 9*d**2 - 2*d. Let l be j(-3). Let h = l + -47. Suppose -6*i + h = -i. Calculate the remainder when 21 is divided by i.
5
Let v(r) = 3*r + 1. Let m be v(-1). Let l be (m/6)/((-7)/903). Calculate the remainder when l + -2 - (7 - 5) is divided by 10.
9
Suppose -64 = -g - g. Suppose -g = -2*u - 4. Let q = -125 - -128. What is the remainder when u is divided by q?
2
Let x be (-2)/(-5) - 16/(-10). Let j(q) = 3*q**3 - 1 - q**2 - 2*q + x*q**3 - 4*q**3. What is the remainder when j(3) is divided by 3?
2
Let d be (104/(-32))/(1/(-12)). Let x = d - 23. Suppose -x = -3*l + 164. Calculate the remainder when l is divided by 16.
12
Suppose 